{"version":"1.0","provider_name":"Faik Tunay","provider_url":"https:\/\/faiktunay.com.tr\/en","author_name":"enfal","author_url":"https:\/\/faiktunay.com.tr\/en\/author\/enfal\/","title":"Faik Tunay,Adnan Menderes\u2019in Anma T\u00f6renine Kat\u0131ld\u0131 - Faik Tunay","type":"rich","width":600,"height":338,"html":"<blockquote class=\"wp-embedded-content\" data-secret=\"TGg8ZFA1j0\"><a href=\"https:\/\/faiktunay.com.tr\/en\/faik-tunayadnan-menderesin-anma-torenine-katildi\/\">Faik Tunay Attended the Commemoration Ceremony of Adnan Menderes<\/a><\/blockquote><iframe sandbox=\"allow-scripts\" security=\"restricted\" src=\"https:\/\/faiktunay.com.tr\/en\/faik-tunayadnan-menderesin-anma-torenine-katildi\/embed\/#?secret=TGg8ZFA1j0\" width=\"600\" height=\"338\" title=\"\u201cFaik Tunay Attended the Commemoration Ceremony of Adnan Menderes\u201d \u2014 Faik Tunay\" data-secret=\"TGg8ZFA1j0\" frameborder=\"0\" marginwidth=\"0\" marginheight=\"0\" scrolling=\"no\" class=\"wp-embedded-content\"><\/iframe><script type=\"text\/javascript\">\n\/* <![CDATA[ *\/\n\/*! This file is auto-generated *\/\n!function(d,l){\"use strict\";l.querySelector&&d.addEventListener&&\"undefined\"!=typeof URL&&(d.wp=d.wp||{},d.wp.receiveEmbedMessage||(d.wp.receiveEmbedMessage=function(e){var t=e.data;if((t||t.secret||t.message||t.value)&&!\/[^a-zA-Z0-9]\/.test(t.secret)){for(var s,r,n,a=l.querySelectorAll('iframe[data-secret=\"'+t.secret+'\"]'),o=l.querySelectorAll('blockquote[data-secret=\"'+t.secret+'\"]'),c=new RegExp(\"^https?:$\",\"i\"),i=0;i<o.length;i++)o[i].style.display=\"none\";for(i=0;i<a.length;i++)s=a[i],e.source===s.contentWindow&&(s.removeAttribute(\"style\"),\"height\"===t.message?(1e3<(r=parseInt(t.value,10))?r=1e3:~~r<200&&(r=200),s.height=r):\"link\"===t.message&&(r=new URL(s.getAttribute(\"src\")),n=new URL(t.value),c.test(n.protocol))&&n.host===r.host&&l.activeElement===s&&(d.top.location.href=t.value))}},d.addEventListener(\"message\",d.wp.receiveEmbedMessage,!1),l.addEventListener(\"DOMContentLoaded\",function(){for(var e,t,s=l.querySelectorAll(\"iframe.wp-embedded-content\"),r=0;r<s.length;r++)(t=(e=s[r]).getAttribute(\"data-secret\"))||(t=Math.random().toString(36).substring(2,12),e.src+=\"#?secret=\"+t,e.setAttribute(\"data-secret\",t)),e.contentWindow.postMessage({message:\"ready\",secret:t},\"*\")},!1)))}(window,document);\n\/\/# sourceURL=https:\/\/faiktunay.com.tr\/wp-includes\/js\/wp-embed.min.js\n\/* ]]> *\/\n<\/script>","thumbnail_url":"https:\/\/faiktunay.com.tr\/wp-content\/uploads\/2023\/03\/faik_tunay_adnan_menderes.jpg","thumbnail_width":1080,"thumbnail_height":720,"description":"Demokrat Parti Genel Ba\u015fkan Yard\u0131mc\u0131s\u0131 Faik Tunay ,T\u00fcrkiye\u2019nin dokuzuncu ba\u015fbakan\u0131 ,Demokrat Parti Genel Ba\u015fkan\u0131 Adnan Menderes\u2019in \u015fehit edili\u015finin 61.y\u0131ld\u00f6n\u00fcm\u00fcnde an\u0131t mezarda d\u00fczenlenen anma t\u00f6renine Demokrat Parti Genel Ba\u015fkan\u0131 G\u00fcltekin Uysal ile birlikte kat\u0131ld\u0131."}

Faik Tunay,Adnan Menderes’in Anma Törenine Katıldı - Faik Tunay

Demokrat Parti Genel Başkan Yardımcısı Faik Tunay ,Türkiye’nin dokuzuncu başbakanı ,Demokrat Parti Genel Başkanı Adnan Menderes’in şehit edilişinin 61.yıldönümünde anıt mezarda düzenlenen anma törenine Demokrat Parti Genel Başkanı Gültekin Uysal ile birlikte katıldı.
